{"id":64,"date":"2018-03-09T14:34:21","date_gmt":"2018-03-09T14:34:21","guid":{"rendered":"http:\/\/ellina-pflegedienst-lahr.de\/?page_id=64"},"modified":"2024-02-22T08:52:13","modified_gmt":"2024-02-22T08:52:13","slug":"jobs","status":"publish","type":"page","link":"https:\/\/ellina-pflegedienst-lahr.de\/?page_id=64","title":{"rendered":"LEISTUNGEN"},"content":{"rendered":"\t\t<div data-elementor-type=\"wp-post\" data-elementor-id=\"64\" class=\"elementor elementor-64\">\n\t\t\t\t\t\t\t\t\t<section class=\"elementor-section elementor-top-section elementor-element elementor-element-495be9fa elementor-section-boxed elementor-section-height-default elementor-section-height-default\" data-id=\"495be9fa\" data-element_type=\"section\">\n\t\t\t\t\t\t<div class=\"elementor-container elementor-column-gap-default\">\n\t\t\t\t\t<div class=\"elementor-column elementor-col-100 elementor-top-column elementor-element elementor-element-29b8230c\" data-id=\"29b8230c\" data-element_type=\"column\">\n\t\t\t<div class=\"elementor-widget-wrap elementor-element-populated\">\n\t\t\t\t\t\t\t\t<div class=\"elementor-element elementor-element-67a94b09 elementor-widget elementor-widget-text-editor\" data-id=\"67a94b09\" data-element_type=\"widget\" data-widget_type=\"text-editor.default\">\n\t\t\t\t<div class=\"elementor-widget-container\">\n\t\t\t\t\t\t\t<p><img loading=\"lazy\" decoding=\"async\" class=\"wp-image-458  alignright\" src=\"http:\/\/ellina-pflegedienst-lahr.de\/wp-content\/uploads\/2024\/02\/AdobeStock_224972496-godfather-scaled-1-300x200.jpeg\" alt=\"\" width=\"319\" height=\"213\" srcset=\"https:\/\/ellina-pflegedienst-lahr.de\/wp-content\/uploads\/2024\/02\/AdobeStock_224972496-godfather-scaled-1-300x200.jpeg 300w, https:\/\/ellina-pflegedienst-lahr.de\/wp-content\/uploads\/2024\/02\/AdobeStock_224972496-godfather-scaled-1-1024x683.jpeg 1024w, https:\/\/ellina-pflegedienst-lahr.de\/wp-content\/uploads\/2024\/02\/AdobeStock_224972496-godfather-scaled-1-768x512.jpeg 768w, https:\/\/ellina-pflegedienst-lahr.de\/wp-content\/uploads\/2024\/02\/AdobeStock_224972496-godfather-scaled-1-1536x1024.jpeg 1536w, https:\/\/ellina-pflegedienst-lahr.de\/wp-content\/uploads\/2024\/02\/AdobeStock_224972496-godfather-scaled-1-2048x1366.jpeg 2048w, https:\/\/ellina-pflegedienst-lahr.de\/wp-content\/uploads\/2024\/02\/AdobeStock_224972496-godfather-scaled-1-330x220.jpeg 330w\" sizes=\"(max-width: 319px) 100vw, 319px\" \/><\/p><p>\u00a0<\/p><p style=\"text-align: center;\"><span style=\"color: #645492; font-family: tahoma,arial,helvetica,sans-serif; font-size: 18pt;\">Hier erfahren Sie mehr \u00fcber unsere Leistungen im Detail<\/span><\/p><p style=\"text-align: center;\"><span style=\"color: #75b53d; font-family: tahoma,arial,helvetica,sans-serif; font-size: 18pt;\">Medizinische Behandlungen zu Hause<\/span><\/p><p style=\"text-align: left;\"><span style=\"color: #808080; font-family: tahoma,arial,helvetica,sans-serif; font-size: 12pt;\">Wir arbeiten eng mit Ihren therapierenden \u00c4rzten zusammen und sorgen f\u00fcr fachgerechte und p\u00fcnktliche Ausf\u00fchrung aller erw\u00e4hnten Behandlungen nach \u00e4rzlicher Verordnung<\/span><\/p><ul><li><span style=\"margin: 0px; color: #808080; line-height: 115%; font-family: tahoma,arial,helvetica,sans-serif; font-size: 12pt;\">Vorbereitung und Verabreichung von Injektionen<\/span><\/li><li><span style=\"color: #808080; font-family: tahoma,arial,helvetica,sans-serif; font-size: 12pt;\">Verabreichen von Medikamenten<\/span><\/li><li><span style=\"color: #808080; font-family: tahoma,arial,helvetica,sans-serif; font-size: 12pt;\">Bestellung von Rezepten und Apothekeng\u00e4nge<\/span><\/li><li><span style=\"color: #808080; font-family: tahoma,arial,helvetica,sans-serif; font-size: 12pt;\">Insulintherapie und Blutzuckerkontrolle<\/span><\/li><li><span style=\"color: #808080; font-family: tahoma,arial,helvetica,sans-serif; font-size: 12pt;\">An-\/ Ausziehen von Kompressionsstr\u00fcmpfen<\/span><\/li><li><span style=\"color: #808080; font-family: tahoma,arial,helvetica,sans-serif; font-size: 12pt;\">Anlegen von Verb\u00e4nden und Wundversorgung<\/span><\/li><li><span style=\"color: #808080; font-family: tahoma,arial,helvetica,sans-serif; font-size: 12pt;\">Vitalzeichenkontrolle nach \u00e4rztlicher Anordnung<\/span><\/li><li><span style=\"color: #808080; font-family: tahoma,arial,helvetica,sans-serif; font-size: 12pt;\">Gewichtskontrolle<\/span><\/li><li><span style=\"color: #808080; font-family: tahoma,arial,helvetica,sans-serif; font-size: 12pt;\">Intensivpflege bei Tracheotomie, Magensonde, PEG, etc.<\/span><\/li><\/ul><p>\u00a0<\/p><p style=\"text-align: center;\"><span style=\"color: #75b53d; font-family: tahoma,arial,helvetica,sans-serif; font-size: 18pt;\">Unterst\u00fctzung bei der K\u00f6rperpflege<\/span><\/p><p><span style=\"color: #808080; font-family: tahoma,arial,helvetica,sans-serif; font-size: 12pt;\">Bei der K\u00f6rperpflege ist die h\u00f6chste Sensibilit\u00e4t gefragt. Wir gehen sehr respektvoll mit der Intimsph\u00e4re unserer Kunden um und bem\u00fchen uns darum, dass die K\u00f6rperpflege von einer Vertrauensperson ausgef\u00fchrt wird. Wir unterst\u00fctzen Sie bei folgenden Aufgaben:<\/span><\/p><ul><li><span style=\"color: #808080; font-family: tahoma,arial,helvetica,sans-serif; font-size: 12pt;\">Hilfestellung oder komplette \u00dcbernahme von K\u00f6rperpflege<\/span><\/li><li><span style=\"color: #808080; font-family: tahoma,arial,helvetica,sans-serif; font-size: 12pt;\">Hilfe beim An- und Auskleiden<\/span><\/li><li><span style=\"color: #808080; font-family: tahoma,arial,helvetica,sans-serif; font-size: 12pt;\">Hilfe beim Stehen und Gehen<\/span><\/li><li><span style=\"color: #808080; font-family: tahoma,arial,helvetica,sans-serif; font-size: 12pt;\">Durchf\u00fchren von Bewegungs\u00fcbungen nach Anleitung durch den Therapeuten<\/span><\/li><li><span style=\"color: #808080; font-family: tahoma,arial,helvetica,sans-serif; font-size: 12pt;\">Lagern nach Plan<\/span><\/li><li><span style=\"color: #808080; font-family: tahoma,arial,helvetica,sans-serif; font-size: 12pt;\">Prophylaxe von Wundliegegeschw\u00fcren (Dekubitus), Lungenentz\u00fcndung (Pneumonie), Funktions- und Bewegungseinschr\u00e4nkungen von Gelenken (Kontrakturen), Erkrankungen des Mundraumes (Soor, Parotitis)<\/span><\/li><li><span style=\"color: #808080; font-family: tahoma,arial,helvetica,sans-serif; font-size: 12pt;\">Inkontinenzversorgung<\/span><\/li><\/ul><p>\u00a0<\/p><p style=\"text-align: center;\"><span style=\"color: #75b53d; font-family: tahoma,arial,helvetica,sans-serif; font-size: 18pt;\">Hauswirtschaftliche Versorgung<\/span><\/p><p><span style=\"color: #808080; font-family: tahoma,arial,helvetica,sans-serif; font-size: 12pt;\">Oft reduziert sich die Umwelt der pflegebed\u00fcrftigen Menschen auf die eigenen vier W\u00e4nde. Ein gepflegtes Zuhause mit vertrauter Ordnung ist darum umso wichtiger. Der Wunsch unserer Kunden ein eigener Herr zu Hause zu sein ist nachvollziehbar und hat f\u00fcr uns die h\u00f6chste Priorit\u00e4t. Darum greifen wir nach Absprache mit Ihnen nur dort ein, wo es tats\u00e4chlich notwendig ist, um die Selbst\u00e4ndigkeit der betreuten Personen zu f\u00f6rdern.<\/span><\/p><p><span style=\"color: #808080; font-family: tahoma,arial,helvetica,sans-serif; font-size: 12pt;\">Wir erledigen gerne folgende Aufgaben f\u00fcr Sie:<\/span><\/p><ul><li><span style=\"color: #808080; font-family: tahoma,arial,helvetica,sans-serif; font-size: 12pt;\">Einkaufen, die Einkaufsliste gemeinsam zusammenstellen<\/span><\/li><li><span style=\"color: #808080; font-family: tahoma,arial,helvetica,sans-serif; font-size: 12pt;\">Kochen<\/span><\/li><li><span style=\"color: #808080; font-family: tahoma,arial,helvetica,sans-serif; font-size: 12pt;\">Waschen<\/span><\/li><li><span style=\"color: #808080; font-family: tahoma,arial,helvetica,sans-serif; font-size: 12pt;\">B\u00fcgeln<\/span><\/li><li><span style=\"color: #808080; font-family: tahoma,arial,helvetica,sans-serif; font-size: 12pt;\">Putzen<\/span><\/li><li><span style=\"color: #808080; font-family: tahoma,arial,helvetica,sans-serif; font-size: 12pt;\">Haustier versorgen<\/span><\/li><li><span style=\"color: #808080; font-family: tahoma,arial,helvetica,sans-serif; font-size: 12pt;\">Zimmerpflanzen pflegen<\/span><\/li><li><span style=\"color: #808080; font-family: tahoma,arial,helvetica,sans-serif; font-size: 12pt;\">Arbeitsplatz aufr\u00e4umen<\/span><\/li><\/ul><p><span style=\"font-family: Tahoma; font-size: medium;\">\u00a0<\/span><\/p><p style=\"text-align: center;\"><span style=\"color: #75b53d; font-family: tahoma,arial,helvetica,sans-serif; font-size: 18pt;\">Begleitung im Alltag au\u00dferhalb von Zuhause<\/span><\/p><p><span style=\"color: #808080; font-family: tahoma,arial,helvetica,sans-serif; font-size: 12pt;\">Damit sich unsere Kunden au\u00dferhalb ihrer Wohnung wohl und sicher f\u00fchlen und am gesellschaftlichen Leben teilnehmen k\u00f6nnen, bieten wir ihnen zuverl\u00e4ssige Begleitung bei:<\/span><\/p><ul><li><span style=\"color: #808080; font-family: tahoma,arial,helvetica,sans-serif; font-size: 12pt;\">Arzt- und Friseurterminen sowie zur Fusspflege<\/span><\/li><li><span style=\"color: #808080; font-family: tahoma,arial,helvetica,sans-serif; font-size: 12pt;\">Beh\u00f6rdeng\u00e4ngen und weiteren amtlichen Angelegenheiten<\/span><\/li><li><span style=\"color: #808080; font-family: tahoma,arial,helvetica,sans-serif; font-size: 12pt;\">Spazierg\u00e4ngen und Ausfl\u00fcgen (Wir haben viele Reise- und Ausflugsideen f\u00fcr Sie! Schauen Sie sich diese unter \u201e<\/span><span style=\"font-family: tahoma, arial, helvetica, sans-serif; font-size: 12pt; color: #808080;\"><a style=\"color: #808080;\" href=\"http:\/\/ellina-pflegedienst-lahr.de\/?page_id=62\"><span style=\"text-decoration: underline;\">N\u00dcTZLICHE INFOS<\/span><\/a><\/span><span style=\"color: #808080; font-family: tahoma,arial,helvetica,sans-serif; font-size: 12pt;\">\u201c an)<\/span><\/li><\/ul><p><span style=\"font-family: Tahoma; font-size: medium;\">\u00a0<\/span><\/p><p style=\"text-align: center;\"><span style=\"color: #75b53d; font-family: tahoma,arial,helvetica,sans-serif; font-size: 18pt;\">Spezialangebot f\u00fcr pflegende Angeh\u00f6rige von<\/span><\/p><p style=\"text-align: center;\"><span style=\"color: #75b53d; font-family: tahoma,arial,helvetica,sans-serif; font-size: 18pt;\">Familienmitgliedern mit Demenz<\/span><\/p><p><span style=\"color: #808080; font-family: tahoma,arial,helvetica,sans-serif; font-size: 12pt;\">Oftmals fordern Erkrankungen, die viele unter dem Begriff \u201eDemenz\u201c kennen, einen 24\/7 Einsatz von pflegenden Angeh\u00f6rigen. In diesem Fall bieten wir kompetente stundenweise Betreuung, um den pflegenden Familienmitgliedern den R\u00fccken frei zu halten.<\/span><\/p><p><span style=\"color: #808080; font-family: tahoma,arial,helvetica,sans-serif; font-size: 12pt;\">Wir:<\/span><\/p><ul><li><span style=\"color: #808080; font-family: tahoma,arial,helvetica,sans-serif; font-size: 12pt;\">leisten den pflegebed\u00fcrftigen Personen mit Demenz Gesellschaft und gehen gemeinsam den geliebten Hobbys nach, damit Sie Ihre eigenen Termine wahrnehmen k\u00f6nnen<\/span><\/li><li><span style=\"color: #808080; font-family: tahoma,arial,helvetica,sans-serif; font-size: 12pt;\">begleiten bei Arztbesuchen<\/span><\/li><li><span style=\"color: #808080; font-family: tahoma,arial,helvetica,sans-serif; font-size: 12pt;\">gehen spazieren und begleiten auf den Ausfl\u00fcgen<\/span><\/li><\/ul><p><span style=\"color: #808080; font-family: Tahoma; font-size: medium;\">\u00a0<\/span><\/p><p><span style=\"color: #808080; font-family: tahoma,arial,helvetica,sans-serif; font-size: 12pt;\">Unter \u201eN\u00dcTZLICHE INFOS\u201c finden Sie hilfreiches Material rundum das Thema \u201ePsychologische Hilfe f\u00fcr pflegende Angeh\u00f6rige der Familienmitglieder mit Demenz\u201c<\/span><\/p><p>\u00a0<\/p><p style=\"text-align: center;\"><span style=\"color: #75b53d; font-family: tahoma,arial,helvetica,sans-serif; font-size: 18pt;\">Pflegeschulungen und Beratungseins\u00e4tze<\/span><\/p><p><span style=\"color: #808080; font-family: tahoma,arial,helvetica,sans-serif; font-size: 12pt;\">Im Interesse der Sicherung der Pflegequalit\u00e4t f\u00fchren wir individuelle Schulungen von Pflegenden bezogen auf jede konkrete Situation von Pflegebed\u00fcrftigen durch.<\/span><br \/><span style=\"color: #808080; font-family: tahoma,arial,helvetica,sans-serif; font-size: 12pt;\"> Wir erstellen den erforderlichen Nachweis f\u00fcr die zust\u00e4ndige Krankenkasse.<\/span><\/p><p><span style=\"font-family: tahoma,arial,helvetica,sans-serif; font-size: 12pt;\"><span style=\"color: #645492; font-size: 14pt;\">Der Pflegebedarf ist in jedem einzelnen Fall sehr individuell.<\/span> <span style=\"color: #75b53d; font-size: 14pt;\">Darum lassen Sie sich in einem pers\u00f6nlichen Gespr\u00e4ch beraten, um ein m\u00f6glichst <\/span><\/span><span style=\"color: #75b53d; font-family: tahoma,arial,helvetica,sans-serif; font-size: 14pt;\">zutreffendes Leistungsangebot zu erhalten!<\/span><\/p>\t\t\t\t\t\t<\/div>\n\t\t\t\t<\/div>\n\t\t\t\t\t<\/div>\n\t\t<\/div>\n\t\t\t\t\t\t\t<\/div>\n\t\t<\/section>\n\t\t\t\t\t\t\t<\/div>\n\t\t","protected":false},"excerpt":{"rendered":"<p>\u00a0 Hier erfahren Sie mehr \u00fcber unsere Leistungen im Detail Medizinische Behandlungen zu Hause Wir arbeiten eng mit Ihren therapierenden \u00c4rzten zusammen und sorgen f\u00fcr fachgerechte und p\u00fcnktliche Ausf\u00fchrung aller erw\u00e4hnten Behandlungen nach \u00e4rzlicher Verordnung Vorbereitung und Verabreichung von Injektionen Verabreichen von Medikamenten Bestellung von Rezepten und Apothekeng\u00e4nge Insulintherapie und Blutzuckerkontrolle An-\/ Ausziehen von Kompressionsstr\u00fcmpfen<a href=\"https:\/\/ellina-pflegedienst-lahr.de\/?page_id=64\" class=\"readmore\">Read More&#8230;<\/a><\/p>\n","protected":false},"author":1,"featured_media":0,"parent":0,"menu_order":2,"comment_status":"closed","ping_status":"closed","template":"","meta":{"footnotes":""},"_links":{"self":[{"href":"https:\/\/ellina-pflegedienst-lahr.de\/index.php?rest_route=\/wp\/v2\/pages\/64"}],"collection":[{"href":"https:\/\/ellina-pflegedienst-lahr.de\/index.php?rest_route=\/wp\/v2\/pages"}],"about":[{"href":"https:\/\/ellina-pflegedienst-lahr.de\/index.php?rest_route=\/wp\/v2\/types\/page"}],"author":[{"embeddable":true,"href":"https:\/\/ellina-pflegedienst-lahr.de\/index.php?rest_route=\/wp\/v2\/users\/1"}],"replies":[{"embeddable":true,"href":"https:\/\/ellina-pflegedienst-lahr.de\/index.php?rest_route=%2Fwp%2Fv2%2Fcomments&post=64"}],"version-history":[{"count":44,"href":"https:\/\/ellina-pflegedienst-lahr.de\/index.php?rest_route=\/wp\/v2\/pages\/64\/revisions"}],"predecessor-version":[{"id":464,"href":"https:\/\/ellina-pflegedienst-lahr.de\/index.php?rest_route=\/wp\/v2\/pages\/64\/revisions\/464"}],"wp:attachment":[{"href":"https:\/\/ellina-pflegedienst-lahr.de\/index.php?rest_route=%2Fwp%2Fv2%2Fmedia&parent=64"}],"curies":[{"name":"wp","href":"https:\/\/api.w.org\/{rel}","templated":true}]}}